Dec 01 19:55:04.632 INFO testing dbr/rstvnamer against master#8940af3cea4a9a9deabcaf843b2f8cad9a83fc61 for beta-1.31-5
Dec 01 19:55:04.632 INFO running `"docker" "create" "-v" "/mnt/big/crater/work/local/target-dirs/beta-1.31-5/worker-3/master#8940af3cea4a9a9deabcaf843b2f8cad9a83fc61:/target:rw,Z" "-v" "/mnt/big/crater/work/local/test-source/worker-3/beta-1.31-5/master#8940af3cea4a9a9deabcaf843b2f8cad9a83fc61:/source:ro,Z" "-v" "/mnt/big/crater/work/local/cargo-home:/cargo-home:ro,Z" "-v" "/mnt/big/crater/work/local/rustup-home:/rustup-home:ro,Z" "-e" "USER_ID=1000" "-e" "SOURCE_DIR=/source" "-e" "USER_ID=1000" "-e" "CMD=cargo +8940af3cea4a9a9deabcaf843b2f8cad9a83fc61-alt build --frozen" "-e" "CARGO_TARGET_DIR=/target" "-e" "CARGO_INCREMENTAL=0" "-e" "RUST_BACKTRACE=full" "-e" "RUSTFLAGS=--cap-lints=warn" "-e" "CARGO_HOME=/cargo-home" "-e" "RUSTUP_HOME=/rustup-home" "-m" "1536M" "--network" "none" "crater"`
Dec 01 19:55:05.080 INFO [stdout] d3cfa9d3d7392e71df089ec895c5e3e70882658db7f81df0daeff453a7f515c7
Dec 01 19:55:05.082 INFO running `"docker" "start" "-a" "d3cfa9d3d7392e71df089ec895c5e3e70882658db7f81df0daeff453a7f515c7"`
Dec 01 19:55:07.479 INFO [stderr] usermod: no changes
Dec 01 19:55:07.892 INFO [stderr]    Compiling tokio-fs v0.1.4
Dec 01 19:55:10.495 INFO [stderr]    Compiling tokio v0.1.11
Dec 01 19:55:14.923 INFO [stderr]    Compiling tokio-core v0.1.17
Dec 01 19:55:19.699 INFO [stderr]    Compiling tokio-tls v0.1.4
Dec 01 19:55:19.699 INFO [stderr]    Compiling hyper v0.11.27
Dec 01 19:55:34.463 INFO [stderr]    Compiling hyper-tls v0.1.4
Dec 01 19:55:37.755 INFO [stderr]    Compiling reqwest v0.8.8
Dec 01 19:55:50.927 INFO [stderr]    Compiling tvdb v0.5.0
Dec 01 19:55:57.499 INFO [stderr]    Compiling rstvnamer v0.1.0 (/source)
Dec 01 19:56:02.755 INFO [stderr] warning: unused import: `Date`
Dec 01 19:56:02.755 INFO [stderr]  --> src/populate.rs:2:58
Dec 01 19:56:02.755 INFO [stderr]   |
Dec 01 19:56:02.755 INFO [stderr] 2 | use super::parsing::{DateBased, ParsedFile, SeasonBased, Date};
Dec 01 19:56:02.755 INFO [stderr]   |                                                          ^^^^
Dec 01 19:56:02.755 INFO [stderr]   |
Dec 01 19:56:02.755 INFO [stderr]   = note: #[warn(unused_imports)] on by default
Dec 01 19:56:02.755 INFO [stderr] 
Dec 01 19:56:02.941 INFO [stderr] warning: unused variable: `file`
Dec 01 19:56:02.941 INFO [stderr]   --> src/populate.rs:54:24
Dec 01 19:56:02.941 INFO [stderr]    |
Dec 01 19:56:02.941 INFO [stderr] 54 | fn _populate_datebased(file: &DateBased) -> TvnamerResult<PopulatedFile> {
Dec 01 19:56:02.941 INFO [stderr]    |                        ^^^^ help: consider using `_file` instead
Dec 01 19:56:02.941 INFO [stderr]    |
Dec 01 19:56:02.943 INFO [stderr]    = note: #[warn(unused_variables)] on by default
Dec 01 19:56:02.943 INFO [stderr] 
Dec 01 19:56:03.007 INFO [stderr] warning: struct is never constructed: `ParsedConfig`
Dec 01 19:56:03.007 INFO [stderr]  --> src/config.rs:5:1
Dec 01 19:56:03.007 INFO [stderr]   |
Dec 01 19:56:03.007 INFO [stderr] 5 | struct ParsedConfig {
Dec 01 19:56:03.007 INFO [stderr]   | ^^^^^^^^^^^^^^^^^^^
Dec 01 19:56:03.007 INFO [stderr]   |
Dec 01 19:56:03.007 INFO [stderr]   = note: #[warn(dead_code)] on by default
Dec 01 19:56:03.007 INFO [stderr] 
Dec 01 19:56:15.326 INFO [stderr]     Finished dev [unoptimized + debuginfo] target(s) in 1m 07s
Dec 01 19:56:15.351 INFO [stderr] su: No module specific data is present
Dec 01 19:56:16.035 INFO running `"docker" "inspect" "d3cfa9d3d7392e71df089ec895c5e3e70882658db7f81df0daeff453a7f515c7"`
Dec 01 19:56:16.225 INFO running `"docker" "rm" "-f" "d3cfa9d3d7392e71df089ec895c5e3e70882658db7f81df0daeff453a7f515c7"`
Dec 01 19:56:16.427 INFO [stdout] d3cfa9d3d7392e71df089ec895c5e3e70882658db7f81df0daeff453a7f515c7
Dec 01 19:56:16.427 INFO running `"docker" "create" "-v" "/mnt/big/crater/work/local/target-dirs/beta-1.31-5/worker-3/master#8940af3cea4a9a9deabcaf843b2f8cad9a83fc61:/target:rw,Z" "-v" "/mnt/big/crater/work/local/test-source/worker-3/beta-1.31-5/master#8940af3cea4a9a9deabcaf843b2f8cad9a83fc61:/source:ro,Z" "-v" "/mnt/big/crater/work/local/cargo-home:/cargo-home:ro,Z" "-v" "/mnt/big/crater/work/local/rustup-home:/rustup-home:ro,Z" "-e" "USER_ID=1000" "-e" "SOURCE_DIR=/source" "-e" "USER_ID=1000" "-e" "CMD=cargo +8940af3cea4a9a9deabcaf843b2f8cad9a83fc61-alt test --frozen --no-run" "-e" "CARGO_TARGET_DIR=/target" "-e" "CARGO_INCREMENTAL=0" "-e" "RUST_BACKTRACE=full" "-e" "RUSTFLAGS=--cap-lints=warn" "-e" "CARGO_HOME=/cargo-home" "-e" "RUSTUP_HOME=/rustup-home" "-m" "1536M" "--network" "none" "crater"`
Dec 01 19:56:16.812 INFO [stdout] d612192117fd82d76f4bba727970af785b21dfb00705a3d2fa40ac359fa352da
Dec 01 19:56:16.819 INFO running `"docker" "start" "-a" "d612192117fd82d76f4bba727970af785b21dfb00705a3d2fa40ac359fa352da"`
Dec 01 19:56:17.763 INFO [stderr] usermod: no changes
Dec 01 19:56:18.155 INFO [stderr]    Compiling rstvnamer v0.1.0 (/source)
Dec 01 19:56:27.915 INFO [stderr] warning: unused import: `Date`
Dec 01 19:56:27.915 INFO [stderr]  --> src/populate.rs:2:58
Dec 01 19:56:27.915 INFO [stderr]   |
Dec 01 19:56:27.915 INFO [stderr] 2 | use super::parsing::{DateBased, ParsedFile, SeasonBased, Date};
Dec 01 19:56:27.915 INFO [stderr]   |                                                          ^^^^
Dec 01 19:56:27.915 INFO [stderr]   |
Dec 01 19:56:27.915 INFO [stderr]   = note: #[warn(unused_imports)] on by default
Dec 01 19:56:27.915 INFO [stderr] 
Dec 01 19:56:28.503 INFO [stderr] warning: unused variable: `file`
Dec 01 19:56:28.503 INFO [stderr]   --> src/populate.rs:54:24
Dec 01 19:56:28.503 INFO [stderr]    |
Dec 01 19:56:28.504 INFO [stderr] 54 | fn _populate_datebased(file: &DateBased) -> TvnamerResult<PopulatedFile> {
Dec 01 19:56:28.504 INFO [stderr]    |                        ^^^^ help: consider using `_file` instead
Dec 01 19:56:28.504 INFO [stderr]    |
Dec 01 19:56:28.505 INFO [stderr]    = note: #[warn(unused_variables)] on by default
Dec 01 19:56:28.505 INFO [stderr] 
Dec 01 19:56:28.703 INFO [stderr] warning: struct is never constructed: `ParsedConfig`
Dec 01 19:56:28.703 INFO [stderr]  --> src/config.rs:5:1
Dec 01 19:56:28.703 INFO [stderr]   |
Dec 01 19:56:28.703 INFO [stderr] 5 | struct ParsedConfig {
Dec 01 19:56:28.703 INFO [stderr]   | ^^^^^^^^^^^^^^^^^^^
Dec 01 19:56:28.703 INFO [stderr]   |
Dec 01 19:56:28.703 INFO [stderr]   = note: #[warn(dead_code)] on by default
Dec 01 19:56:28.703 INFO [stderr] 
Dec 01 19:56:29.071 INFO [stderr] warning: unused imports: `App`, `Arg`
Dec 01 19:56:29.072 INFO [stderr]   --> src/main.rs:10:12
Dec 01 19:56:29.072 INFO [stderr]    |
Dec 01 19:56:29.072 INFO [stderr] 10 | use clap::{Arg, App};
Dec 01 19:56:29.072 INFO [stderr]    |            ^^^  ^^^
Dec 01 19:56:29.073 INFO [stderr]    |
Dec 01 19:56:29.073 INFO [stderr]    = note: #[warn(unused_imports)] on by default
Dec 01 19:56:29.073 INFO [stderr] 
Dec 01 19:56:29.439 INFO [stderr] warning: function is never used: `process_one`
Dec 01 19:56:29.439 INFO [stderr]   --> src/main.rs:13:1
Dec 01 19:56:29.439 INFO [stderr]    |
Dec 01 19:56:29.439 INFO [stderr] 13 | fn process_one(path: &Path) -> TvnamerResult<PathBuf> {
Dec 01 19:56:29.439 INFO [stderr]    | ^^^^^^^^^^^^^^^^^^^^^^^^^^^^^^^^^^^^^^^^^^^^^^^^^^^^^
Dec 01 19:56:29.439 INFO [stderr]    |
Dec 01 19:56:29.439 INFO [stderr]    = note: #[warn(dead_code)] on by default
Dec 01 19:56:29.439 INFO [stderr] 
Dec 01 19:56:38.669 INFO [stderr]     Finished dev [unoptimized + debuginfo] target(s) in 20.86s
Dec 01 19:56:38.693 INFO [stderr] su: No module specific data is present
Dec 01 19:56:39.667 INFO running `"docker" "inspect" "d612192117fd82d76f4bba727970af785b21dfb00705a3d2fa40ac359fa352da"`
Dec 01 19:56:39.956 INFO running `"docker" "rm" "-f" "d612192117fd82d76f4bba727970af785b21dfb00705a3d2fa40ac359fa352da"`
Dec 01 19:56:40.194 INFO [stdout] d612192117fd82d76f4bba727970af785b21dfb00705a3d2fa40ac359fa352da
Dec 01 19:56:40.198 INFO running `"docker" "create" "-v" "/mnt/big/crater/work/local/target-dirs/beta-1.31-5/worker-3/master#8940af3cea4a9a9deabcaf843b2f8cad9a83fc61:/target:rw,Z" "-v" "/mnt/big/crater/work/local/test-source/worker-3/beta-1.31-5/master#8940af3cea4a9a9deabcaf843b2f8cad9a83fc61:/source:ro,Z" "-v" "/mnt/big/crater/work/local/cargo-home:/cargo-home:ro,Z" "-v" "/mnt/big/crater/work/local/rustup-home:/rustup-home:ro,Z" "-e" "USER_ID=1000" "-e" "SOURCE_DIR=/source" "-e" "USER_ID=1000" "-e" "CMD=cargo +8940af3cea4a9a9deabcaf843b2f8cad9a83fc61-alt test --frozen" "-e" "CARGO_TARGET_DIR=/target" "-e" "CARGO_INCREMENTAL=0" "-e" "RUST_BACKTRACE=full" "-e" "RUSTFLAGS=--cap-lints=warn" "-e" "CARGO_HOME=/cargo-home" "-e" "RUSTUP_HOME=/rustup-home" "-m" "1536M" "--network" "none" "crater"`
Dec 01 19:56:40.634 INFO [stdout] e8a222a9128413886e3f4f248b098496de3a41aa796fa18d3a313a03a8a4fd7e
Dec 01 19:56:40.637 INFO running `"docker" "start" "-a" "e8a222a9128413886e3f4f248b098496de3a41aa796fa18d3a313a03a8a4fd7e"`
Dec 01 19:56:42.085 INFO [stderr] usermod: no changes
Dec 01 19:56:42.440 INFO [stderr]     Finished dev [unoptimized + debuginfo] target(s) in 0.32s
Dec 01 19:56:42.452 INFO [stderr]      Running /target/debug/deps/rstvnamer-f25719573c38c58c
Dec 01 19:56:42.457 INFO [stdout] 
Dec 01 19:56:42.457 INFO [stdout] running 0 tests
Dec 01 19:56:42.457 INFO [stdout] 
Dec 01 19:56:42.457 INFO [stdout] test result: ok. 0 passed; 0 failed; 0 ignored; 0 measured; 0 filtered out
Dec 01 19:56:42.457 INFO [stdout] 
Dec 01 19:56:42.459 INFO [stderr]      Running /target/debug/deps/tvnamer-6732d8246a14a4f5
Dec 01 19:56:42.461 INFO [stdout] 
Dec 01 19:56:42.461 INFO [stdout] running 0 tests
Dec 01 19:56:42.461 INFO [stdout] 
Dec 01 19:56:42.461 INFO [stdout] test result: ok. 0 passed; 0 failed; 0 ignored; 0 measured; 0 filtered out
Dec 01 19:56:42.461 INFO [stdout] 
Dec 01 19:56:42.461 INFO [stderr]      Running /target/debug/deps/parsing-dc1f37305e24c1ac
Dec 01 19:56:42.464 INFO [stdout] 
Dec 01 19:56:42.464 INFO [stdout] running 1 test
Dec 01 19:56:42.505 INFO [stdout] test test_parsing ... ok
Dec 01 19:56:42.505 INFO [stdout] 
Dec 01 19:56:42.505 INFO [stdout] test result: ok. 1 passed; 0 failed; 0 ignored; 0 measured; 0 filtered out
Dec 01 19:56:42.505 INFO [stdout] 
Dec 01 19:56:42.506 INFO [stderr]      Running /target/debug/deps/test_populating-20981550d6b44421
Dec 01 19:56:42.509 INFO [stdout] 
Dec 01 19:56:42.509 INFO [stdout] running 2 tests
Dec 01 19:56:42.631 INFO [stdout] test test_not_found ... ok
Dec 01 19:56:42.695 INFO [stdout] test test_good ... FAILED
Dec 01 19:56:42.695 INFO [stdout] 
Dec 01 19:56:42.695 INFO [stdout] failures:
Dec 01 19:56:42.695 INFO [stdout] 
Dec 01 19:56:42.695 INFO [stdout] ---- test_good stdout ----
Dec 01 19:56:42.695 INFO [stdout] thread 'test_good' panicked at 'Failed to populate: TvdbError { original: CommunicationError { reason: "https://api.thetvdb.com/login: failed to lookup address information: Temporary failure in name resolution" } }', libcore/result.rs:1009:5
Dec 01 19:56:42.695 INFO [stdout] stack backtrace:
Dec 01 19:56:42.695 INFO [stdout]    0:     0x5584323f7b9f - std::sys::unix::backtrace::tracing::imp::unwind_backtrace::h3a8b83e1922cbdde
Dec 01 19:56:42.695 INFO [stdout]                                at libstd/sys/unix/backtrace/tracing/gcc_s.rs:49
Dec 01 19:56:42.695 INFO [stdout]    1:     0x558432401447 - std::sys_common::backtrace::print::h00d3155a29b4020f
Dec 01 19:56:42.695 INFO [stdout]                                at libstd/sys_common/backtrace.rs:71
Dec 01 19:56:42.695 INFO [stdout]                                at libstd/sys_common/backtrace.rs:59
Dec 01 19:56:42.696 INFO [stdout]    2:     0x5584323fbf1f - std::panicking::default_hook::{{closure}}::hd7465c742e79e1bb
Dec 01 19:56:42.696 INFO [stdout]                                at libstd/panicking.rs:211
Dec 01 19:56:42.696 INFO [stdout]    3:     0x5584323fbc1e - std::panicking::default_hook::h9e3966f2aa2a6e12
Dec 01 19:56:42.696 INFO [stdout]                                at libstd/panicking.rs:221
Dec 01 19:56:42.696 INFO [stdout]    4:     0x5584323fc5fe - std::panicking::rust_panic_with_hook::h587f091ae747d080
Dec 01 19:56:42.696 INFO [stdout]                                at libstd/panicking.rs:476
Dec 01 19:56:42.696 INFO [stdout]    5:     0x5584323fc1a1 - std::panicking::continue_panic_fmt::hb3a4fdede87f43a8
Dec 01 19:56:42.696 INFO [stdout]                                at libstd/panicking.rs:390
Dec 01 19:56:42.696 INFO [stdout]    6:     0x5584323fc085 - rust_begin_unwind
Dec 01 19:56:42.696 INFO [stdout]                                at libstd/panicking.rs:325
Dec 01 19:56:42.696 INFO [stdout]    7:     0x55843244059c - core::panicking::panic_fmt::h6f9cebf5e7474a0b
Dec 01 19:56:42.696 INFO [stdout]                                at libcore/panicking.rs:77
Dec 01 19:56:42.696 INFO [stdout]    8:     0x558431d90f8b - core::result::unwrap_failed::h1df83e039285573e
Dec 01 19:56:42.696 INFO [stdout]                                at libcore/macros.rs:26
Dec 01 19:56:42.696 INFO [stdout]    9:     0x558431d90bcf - <core::result::Result<T, E>>::expect::h0b5f5678c7309799
Dec 01 19:56:42.696 INFO [stdout]                                at libcore/result.rs:835
Dec 01 19:56:42.696 INFO [stdout]   10:     0x558431d918d9 - test_populating::test_good::h4a96e54560a7d9d7
Dec 01 19:56:42.696 INFO [stdout]                                at tests/test_populating.rs:8
Dec 01 19:56:42.696 INFO [stdout]   11:     0x558431d917d9 - test_populating::test_good::{{closure}}::h50b2e0e43535079f
Dec 01 19:56:42.696 INFO [stdout]                                at tests/test_populating.rs:5
Dec 01 19:56:42.696 INFO [stdout]   12:     0x558431d90ffd - core::ops::function::FnOnce::call_once::ha14902e6b03d9264
Dec 01 19:56:42.696 INFO [stdout]                                at libcore/ops/function.rs:238
Dec 01 19:56:42.696 INFO [stdout]   13:     0x558431d93dce - <F as alloc::boxed::FnBox<A>>::call_box::hac903f91577a156c
Dec 01 19:56:42.696 INFO [stdout]                                at libtest/lib.rs:1468
Dec 01 19:56:42.696 INFO [stdout]                                at libcore/ops/function.rs:238
Dec 01 19:56:42.696 INFO [stdout]                                at liballoc/boxed.rs:672
Dec 01 19:56:42.696 INFO [stdout]   14:     0x55843240c3f9 - __rust_maybe_catch_panic
Dec 01 19:56:42.696 INFO [stdout]                                at libpanic_unwind/lib.rs:102
Dec 01 19:56:42.696 INFO [stdout]   15:     0x558431db5a22 - std::sys_common::backtrace::__rust_begin_short_backtrace::hb8f0d0309526c184
Dec 01 19:56:42.696 INFO [stdout]                                at libstd/panicking.rs:289
Dec 01 19:56:42.696 INFO [stdout]                                at libstd/panic.rs:392
Dec 01 19:56:42.696 INFO [stdout]                                at libtest/lib.rs:1423
Dec 01 19:56:42.696 INFO [stdout]                                at libstd/sys_common/backtrace.rs:136
Dec 01 19:56:42.696 INFO [stdout]   16:     0x558431db64d4 - std::panicking::try::do_call::hc2f7c8b9a348d8db
Dec 01 19:56:42.696 INFO [stdout]                                at libstd/thread/mod.rs:409
Dec 01 19:56:42.696 INFO [stdout]                                at libstd/panic.rs:313
Dec 01 19:56:42.696 INFO [stdout]                                at libstd/panicking.rs:310
Dec 01 19:56:42.696 INFO [stdout]   17:     0x55843240c3f9 - __rust_maybe_catch_panic
Dec 01 19:56:42.696 INFO [stdout]                                at libpanic_unwind/lib.rs:102
Dec 01 19:56:42.696 INFO [stdout]   18:     0x558431da370c - <F as alloc::boxed::FnBox<A>>::call_box::h6bfded618e480b32
Dec 01 19:56:42.696 INFO [stdout]                                at libstd/panicking.rs:289
Dec 01 19:56:42.696 INFO [stdout]                                at libstd/panic.rs:392
Dec 01 19:56:42.696 INFO [stdout]                                at libstd/thread/mod.rs:408
Dec 01 19:56:42.696 INFO [stdout]                                at liballoc/boxed.rs:672
Dec 01 19:56:42.696 INFO [stdout]   19:     0x5584323f9c0d - std::sys_common::thread::start_thread::h4c28257d67cdf9cb
Dec 01 19:56:42.696 INFO [stdout]                                at liballoc/boxed.rs:682
Dec 01 19:56:42.696 INFO [stdout]                                at libstd/sys_common/thread.rs:24
Dec 01 19:56:42.696 INFO [stdout]   20:     0x5584323ebf15 - std::sys::unix::thread::Thread::new::thread_start::hfecb2e7eff8fd34f
Dec 01 19:56:42.696 INFO [stdout]                                at libstd/sys/unix/thread.rs:90
Dec 01 19:56:42.696 INFO [stdout]   21:     0x7f2dd93526b9 - start_thread
Dec 01 19:56:42.696 INFO [stdout]   22:     0x7f2dd8e7241c - clone
Dec 01 19:56:42.696 INFO [stdout]   23:                0x0 - <unknown>
Dec 01 19:56:42.696 INFO [stdout] 
Dec 01 19:56:42.696 INFO [stdout] 
Dec 01 19:56:42.696 INFO [stdout] failures:
Dec 01 19:56:42.696 INFO [stdout]     test_good
Dec 01 19:56:42.696 INFO [stdout] 
Dec 01 19:56:42.696 INFO [stdout] test result: FAILED. 1 passed; 1 failed; 0 ignored; 0 measured; 0 filtered out
Dec 01 19:56:42.696 INFO [stdout] 
Dec 01 19:56:42.702 INFO [stderr] error: test failed, to rerun pass '--test test_populating'
Dec 01 19:56:42.705 INFO [stderr] su: No module specific data is present
Dec 01 19:56:43.175 INFO running `"docker" "inspect" "e8a222a9128413886e3f4f248b098496de3a41aa796fa18d3a313a03a8a4fd7e"`
Dec 01 19:56:43.264 INFO running `"docker" "rm" "-f" "e8a222a9128413886e3f4f248b098496de3a41aa796fa18d3a313a03a8a4fd7e"`
Dec 01 19:56:43.434 INFO [stdout] e8a222a9128413886e3f4f248b098496de3a41aa796fa18d3a313a03a8a4fd7e
